 a is divided by 28?
27
Suppose 0 = 4*i - 8, -q - 2*i + 27 = -10. What is the remainder when 6/21 - (-14304)/112 is divided by q?
29
Suppose 0 = 5*i - 4*n - 17453, -7*i + 24466 = 15*n - 10*n. Calculate the remainder when i is divided by 292.
281
Suppose 2*z = -97*c + 101*c + 6970, -13950 = -4*z - 2*c. What is the remainder when z is divided by 5?
2
Let z = -51 + 49. Let w be 3/(-9) - (-70)/(-6). Calculate the remainder when (-436)/w - (z/3 - -2) is divided by 18.
17
Suppose -20 - 36 = -14*r. Suppose -2*b = -r, u + b = 4 + 10. What is the remainder when 80 is divided by u?
8
Let t be 3/(-6)*-1*24. Let x = 30 - t. Calculate the remainder when 71 is divided by x.
17
Suppose 155*y - 82720 = -21*y. Calculate the remainder when y is divided by 66.
8
Let i be (-6)/(-16) + (41650/80 - -7). Let o = i + -499. Calculate the remainder when 165 is divided by o.
20
Suppose -263*o - 20 = -258*o. What is the remainder when 1/(-1 + 110/109) is divided by o/(4/7) - -17?
9
Let p = -3609 + 3848. Calculate the remainder when p is divided by 132.
107
Let k = -1514 - -2518. What is the remainder when k is divided by 48?
44
Suppose 0 = -5*o + 103 + 57. Let m = -114 - -302. Calculate the remainder when m is divided by o.
28
Let h be -40 + 43 - (1 - 106). Calculate the remainder when (-2)/(-3) - (-24768)/h is divided by 4.
2
What is the remainder when 1*-3 + 46 + 35178/26 is divided by 94?
80
Calculate the remainder when 715 is divided by 150/(-100)*32/3*(-38)/8.
31
Suppose 198 = 4*b - 5*j, 3*b + 4*j - 106 = 58. Let k = 70 - b. What is the remainder when 89 is divided by k?
17
Suppose -41 = 3*v + 3*i - 134, -2*i = -v + 37. Calculate the remainder when 160 is divided by v.
28
Suppose -3*z = 3*x - 582, 5*z + 3*x - 781 = 191. What is the remainder when 573 is divided by z?
183
What is the remainder when (-6579)/86*(-20)/6*4 is divided by 133?
89
Suppose 1737*m = 1678*m + 2124. Suppose 407 + 91 = 2*v. What is the remainder when v is divided by m?
33
Suppose -62*z = z - 2079. Calculate the remainder when 493 is divided by z.
31
Let y = 89 + 115. Let a = y - 191. What is the remainder when 75 is divided by a?
10
Suppose -5*f + 17 = -18. Suppose -f*j + 124 = -1465. What is the remainder when j is divided by 46?
43
Let s = 21152 - 20956. What is the remainder when 11168 is divided by s?
192
Calculate the remainder when 254 is divided by (-4)/(-4*8/512).
62
Let l = -3801 + 3971. Calculate the remainder when l is divided by 95.
75
Let q be (14/6 + -3)/((-3)/153). Suppose 2*t - 5*v = q + 37, 0 = -3*t - 2*v + 97. What is the remainder when 119 is divided by t?
20
Let n = -623 + 1067. Suppose -44*j - n = -50*j. What is the remainder when j is divided by 42?
32
Let m = 63 + -33. Let l = -329 - -327. Calculate the remainder when 6/(4 - l) - (0 - 116) is divided by m.
27
Let v(p) = 124*p + 1332. What is the remainder when v(18) is divided by 16?
12
Let y = -7235 + 7381. What is the remainder when 452 is divided by y?
14
Let r(m) = -233*m - 12258. What is the remainder when r(-55) is divided by 86?
41
Let j(d) = d**3 + 11*d**2 + 5*d - 98. Let v be j(-13). Let g = v + 507. Calculate the remainder when 10 is divided by g.
4
Let j = 96 - 37. What is the remainder when (-1950)/(-40)*(-852)/(-355) is divided by j?
58
Suppose 27*m = -4*q + 29*m + 1510, 4*m - 1868 = -5*q. Calculate the remainder when 765 is divided by q.
13
Suppose 3*l + 25*h - 433 = 30*h, -2*l = -2*h - 294. What is the remainder when 450 is divided by l?
148
What is the remainder when 698895/270 - (-2)/4 is divided by 74?
73
Suppose -2756*v = -2764*v + 24. What is the remainder when 979 is divided by v?
1
Let r = 10284 + -10195. Calculate the remainder when r is divided by (4/(-3))/((-4)/54).
17
Suppose -5*t + 2*i = -251, -2*i - 81 = -3*t + 72. Let n = 92 - t. What is the remainder when n is divided by 15?
13
Let q = 3 - 1. Let k(g) = -30*g + 0 - 7 - 28*g + 95*g - 13*g. Calculate the remainder when 119 is divided by k(q).
37
Suppose 7*h = 4961 - 4590. Suppose 0*x - x - 2*b = -27, 4*x - 134 = 5*b. What is the remainder when h is divided by x?
22
Suppose -8 + 18 = -5*k. Let f be k - 4/(1 + (-412)/404). Calculate the remainder when 9 is divided by (-6 - f/(-35))/((-2)/28).
1
Suppose -4*i = -3*q - 402, -7*q + 6*q = -2*i + 204. Calculate the remainder when i is divided by 20.
5
Suppose 3*x + 25 = y - 545, 5*x + 25 = 0. Calculate the remainder when y is divided by 107.
20
Suppose 44631 = -19*s + 45676. Let g(x) be the third derivative of x**5/60 - x**4/12 - x**3 + x**2. What is the remainder when s is divided by g(-5)?
26
Suppose 24 = -0*w + 3*w + 3*h, 4 = 2*h. Let d be ((-108)/(-7))/((-23)/(-161)). What is the remainder when (3/(-2))/(966/d - 9) is divided by w?
3
Let i = 111 + -62. Let a = 362319 + -362228. What is the remainder when a is divided by i?
42
Suppose 0*m - 4*m = -8. Suppose 165 = 5*n + 4*b, -7*b + 165 = 5*n - m*b. Calculate the remainder when 229 is divided by n.
31
Calculate the remainder when 14 + 206870/((-20)/(-2)) is divided by 309.
307
Suppose 10*p = 11*p - 4*i + 46, -2 = 2*i. Let a = -32 - p. Calculate the remainder when 106 is divided by a.
16
Let z(p) = p**2 + 22*p - 22. Let f be -1 + (-27 - -4) + 1. Let v be z(f). What is the remainder when (0 + -15)/(v/(1*-1)) is divided by 7?
1
Suppose -44*q + 76*q = 1760. What is the remainder when 839 is divided by q?
14
Let k(t) = -2*t**3 + 54*t**2 + 6. Let j be k(27). Suppose 15 = 3*f - 3*l - j, -5 = -2*f + 5*l. What is the remainder when (-1 + -1)*(-13 - 0) is divided by f?
6
Suppose 79*t - 1430 - 705 = -160. Calculate the remainder when t is divided by (0 - -2 - 0) + 4.
1
Suppose 143*w - 50*w - 3534 = 0. What is the remainder when 710 is divided by w?
26
Let l = 2226 + -2038. What is the remainder when l is divided by 72?
44
Let u(f) = f**3 - 6*f**2 - 6*f - 6. Let q be u(3). Let x(m) = 23*m**2 - 3*m + 2. Let p be x(2). Let z = q + p. Calculate the remainder when 72 is divided by z.
35
Suppose -5*p + 4 = -j, 4*j - 5 = -88*p + 87*p. Let t(k) = k**3 - 4*k**2 - 6*k + 6. Suppose 4*i = 17 + 3. Calculate the remainder when t(i) is divided by j.
0
Suppose 14*t + 6*t = -9*t. Suppose -s + 5*r + 87 = t, 4*r + 3 - 72 = -s. What is the remainder when s is divided by 22?
11
Let t(u) = -u + 8. Suppose z = 24 - 15. Let j be t(z). Calculate the remainder when j - 0 - 97*-1 is divided by 20.
16
Let p(d) = 13*d**2 + 7*d - 1. Let h be p(4). Suppose 2*v - h = -3*v. Suppose 0 = -3*n - 0*n + 21. What is the remainder when v is divided by n?
5
Let i = -39847 - -39865. What is the remainder when 14882 is divided by i?
14
Suppose -1179 = -5*t - 134. Suppose t = 5*i - b, i - 55 + 10 = b. Let m = 104 - i. What is the remainder when m is divided by 34?
29
Calculate the remainder when 84 is divided by (14448/(-15))/(-14) - (-2)/10*6.
14
Suppose -83*z + 441 = -80*z. What is the remainder when (z/(-6))/(10/(-20)) + 1 is divided by (-2)/(-2) + 1 + 15?
16
Let k be (-38)/(-10) - (-15)/75. Suppose 21*u - 561 = k*u. What is the remainder when 291 is divided by u?
27
Let j = 88 + -66. Suppose -j*t = -8*t. Suppose 0 = 3*a - 3*z - 108, t = -3*a - z - 4*z + 68. What is the remainder when a is divided by 19?
12
Let t(o) = o**2 + 10*o + 21. Let n be t(-9). Let c be (1 - -1) + n + -13. What is the remainder when 69 is divided by (0 - 28/16)/(c/(-20))?
34
Let j(i) = i**3 - 27*i**2 - 29*i + 20. Let c be j(28). Let a(y) = y**3 + 10*y**2 - 6*y + 13. Calculate the remainder when a(c) is divided by 38.
37
Suppose 2*j - h - 118 = 0, -6*j = -j + h - 288. Suppose -19196 = -20*l - 18756. Calculate the remainder when j is divided by l.
14
Suppose -21*l + 236 - 152 = 0. Calculate the remainder when 2009 is divided by l.
1
Let h = -391 - -395. Calculate the remainder when 113 is divided by 1/((h - 368/124) + -1).
20
What is the remainder when (1/38)/(3/12) - 371835/(-855) is divided by 48?
3
Let v = -5517 - -6758. What is the remainder when v is divided by 1233?
8
Let d(p) = p**3 - 33*p**2 + 30*p + 161. Calculate the remainder when 294 is divided by d(32).
3
Suppose -2*a = -k + 18, -k - 3*a + 8 = -0*k. Suppose 10 + 250 = 52*j. Calculate the remainder when k is divided by j.
4
Suppose -3*v = 5*c - 276, 58 = 2*v + 54. Let z(a) = -2*a - 3. Calculate the remainder when c is divided by z(-7).
10
Let c be (2 + (1 - 2))*43